f 52 and f?
26
Suppose -f - 5*w = -1, -3*w - 25 = -4*f - 2*w. Let l be 6/8 + 1*74/8. Let o(r) = -r + 14. Let q be o(l). Calculate the highest common factor of f and q.
2
Suppose 6 = 2*g + 4. Let u be g/((-6)/27)*-20. What is the highest common divisor of u and 225?
45
Let q(y) = y**3 + 9*y**2 + y + 23. Let v be q(-9). What is the greatest common divisor of 2 and v?
2
Let v(x) = 27*x**2 - x - 3. Let l be v(-3). What is the greatest common factor of l and 9?
9
Suppose -3*q + 90 = 3*d, 12 = q + 8. Let b = -2 - -4. Suppose -r = -b*s + 83, 2*s + 4*r + 27 = 85. What is the highest common divisor of d and s?
13
Let w = -364 - -380. Calculate the highest common factor of 1904 and w.
16
Let x be (-1)/(-4) - (-7423)/4. Let o be x/104 + 2/13. Let r = -6 + o. Calculate the greatest common divisor of r and 6.
6
Let k = 4501 - 4473. Let j(x) = -x**3 - 3*x**2 - x - 3. Let v be j(-4). Let i = v - 10. Calculate the greatest common divisor of k and i.
7
Let v(c) = -c - 1. Let y be v(1). Let h(j) = 16*j + 91. Let r be h(-6). Let t be (y/r)/(1/25). Calculate the highest common factor of t and 20.
10
Let n be 9/((-4)/(8/(-3))). Let q be (-4)/n*-11*9. Let w(v) = -v**3 - 9*v**2 + v + 15. Let r be w(-9). What is the greatest common factor of r and q?
6
Let m(l) = 9*l**2 + 3 - 2*l**2 + 3*l**2 - l**3. Let h be m(10). Suppose p + 9 = 2*p. Calculate the highest common factor of h and p.
3
Let w be (3 + 0)/((-36)/960*-10). What is the greatest common divisor of w and 152?
8
Suppose j = -2*i + 142, 311 = 4*j - 3*i - 202. Let o = 2666 - 2654. Calculate the greatest common factor of o and j.
12
Let b(x) = -x**2 + 8*x - 12. Let j be b(3). What is the highest common factor of j and 2?
1
Let c(i) = -3*i**2 + i + 41. Let x be c(0). Calculate the highest common divisor of 2 and x.
1
Let x = 216 + -393. Suppose 0 = 2*r - 3*r + 258. Let q = x + r. What is the highest common factor of 27 and q?
27
Suppose -4*a + 2*a + 44 = 0. Let y be 1*(-1 + 0 + a). Let f(m) = -m**2 + 26*m - 15. Let s be f(20). Calculate the highest common factor of y and s.
21
Let l(x) = x**2 + 9*x - 28. Let p be l(-12). Suppose -p*u = -3*u - 200. Let r be (-48)/(-5) - (-4)/10. What is the greatest common divisor of r and u?
10
Let k be (1 - (-4)/(-5)) + (-3816)/(-45). Let u = k - 63. Calculate the greatest common factor of u and 33.
11
Let r(p) = 7*p**2 + 10*p - 7. Let z be r(5). Suppose -2*g + 4*k + 241 = 9, 3*k - z = -2*g. What is the greatest common divisor of g and 14?
14
Suppose 4 = -2*w - 3*y + 2, -4*w + 4 = 4*y. Let z(v) = 19*v + 1. Let s be z(w). Let c = 12 - 0. Calculate the highest common factor of s and c.
12
Suppose -2*w + 108 = 2*w. Suppose -4*h - 117 = 4*o - 41, -2*h - 48 = -3*o. Let c be 4/(-3)*h - 1. What is the greatest common divisor of w and c?
27
Let r be 8/(-20) + 6/15. Suppose t - 5*i - 71 = 0, -2*t - 2*i - 3*i + 172 = r. What is the greatest common divisor of t and 27?
27
Let i(f) = -3*f**3 + f + 2. Let y be i(-1). Calculate the greatest common divisor of y and 64.
4
Suppose -4*z = -36*u + 35*u - 735, -5*z + u = -919. Calculate the highest common divisor of z and 322.
46
Let o be 13*(1 + 3)/4. Let j(u) = u**3 - 13*u**2 + 4*u - 17. Let g be j(o). What is the highest common factor of 5 and g?
5
Let w(u) = 6*u**2 - 28*u + 4. Let s be w(6). Suppose -4*j - 2*n = -2281 - 11, -j - 2*n = -576. What is the greatest common divisor of j and s?
52
Let q = 19 + -10. Suppose 48*n = 34*n + 168. What is the highest common factor of n and q?
3
Suppose -4*n + 2*c - 62 - 250 = 0, -2*c + 4 = 0. Let y = 181 + n. What is the highest common factor of y and 13?
13
Let d(f) = 6*f**2 - 5*f + 7. Let t be d(5). Let m(l) = l + l - 2*l + l**2 + 2*l + 4. Let g be m(-4). What is the greatest common divisor of t and g?
12
Let w = 1085 - 1067. What is the greatest common factor of 1341 and w?
9
Suppose -6*k = -284 - 34. Suppose -3*t + z + k = 0, -2*t = -0*z - 4*z - 22. What is the highest common divisor of 133 and t?
19
Let w = 19 + -14. Suppose 0 = -w*i - 0*i. Suppose 5*y + 79 = 3*u, i = 2*u - 0*u + 3*y - 21. Calculate the greatest common factor of u and 2.
2
Let p be (-4)/(-18)*-57*-6. Suppose -3*z = z - p. Let t = 27 - z. Calculate the greatest common factor of 88 and t.
8
Suppose 0 = 2343*g - 2349*g + 66. Calculate the greatest common factor of 1 and g.
1
Let g be 6 + -2 - (-94 + 2). What is the highest common divisor of 84 and g?
12
Suppose 3*i + 111 = 2*k, i - 31 = k - 88. What is the highest common divisor of k and 45?
15
Let o be -2*((-34)/12 - 15/(-45)). Suppose 3*u + 11 + 4 = 0, o*x - 5*u = 120. Calculate the highest common divisor of x and 152.
19
Let v be 602/10 + (3/5)/(-3). Suppose 3*a = -4*q + 19, -2*a - a + 23 = 2*q. Let n(t) = 2*t + 22. Let r be n(a). What is the highest common divisor of r and v?
20
Let x(i) = 2*i + 16. Let y be x(-8). Suppose -5*t - 3*o + 225 = y, -3*t + 101 = -0*t - 5*o. Calculate the highest common divisor of t and 42.
42
Suppose 85 = -3*s - 2*s. Let r(d) = -2*d**2 + 29*d + 16. Let z be r(15). Let v be 100/8*(z - s). What is the highest common factor of 25 and v?
25
Suppose 44*m - 57*m + 14391 = 0. What is the greatest common factor of m and 27?
27
Let x be (1 + (-162)/(-12))/((-1)/(-18)). What is the highest common divisor of 9 and x?
9
Suppose 2*n + 2*j + 5 - 73 = 0, n - 3*j = 50. What is the greatest common factor of n and 38?
38
Suppose -5*b + 3*r - 31 = -10*b, -2*b + 4*r + 2 = 0. Let t be (b/((-15)/42))/(-2). Let w be -1 + t/(21/288). Calculate the highest common factor of 19 and w.
19
Let v(i) = 5*i**2 - i - 16. Let n be v(-3). Let w = -177 - -257. What is the highest common factor of w and n?
16
Suppose 0 = -3*u + 174 - 6. Let l be (u/10)/(12/210). Suppose 0 = 3*s - 50 + 8. Calculate the highest common factor of l and s.
14
Let k = 3 - -2. Suppose -237 = -k*o - 4*r + r, 2*r = -3*o + 143. Calculate the highest common factor of o and 9.
9
Let t = -609 - -642. Suppose 0 = 4*b - b - 132. Calculate the highest common divisor of b and t.
11
Let q = -13 + 104. Let f be (0 - 16)/(-4) - 0. Let n be (13*(-2)/f)/(2/(-4)). What is the highest common divisor of q and n?
13
Let d be (((-435)/6)/5)/((-10)/(-60)). Let a = -72 - d. What is the highest common factor of 20 and a?
5
Suppose 1 = r, 2*r + 2*r - 64 = -4*z. Let u = 29 - z. What is the highest common divisor of 112 and u?
14
Let f = -1014 + 1056. Let z(t) = 6*t**2 - 3*t. Let h(a) = a - 10. Let r be h(7). Let s be z(r). What is the highest common divisor of s and f?
21
Let x(t) = 183*t**3 - 2*t**2 - 2*t - 1. Let u be x(-1). Let g = 104 + u. Let k = g - -135. What is the highest common divisor of k and 5?
5
Let b = 532 + 224. Calculate the greatest common divisor of b and 28.
28
Let c(l) = -l. Let x be c(-6). Suppose o - 5*m = 0, 4*m + x + 10 = 0. Let a be (-8)/o - 3294/(-15). What is the greatest common factor of a and 20?
20
Suppose -94*w = -112*w + 396. Calculate the highest common factor of 286 and w.
22
Suppose 3*k + 3*m - 37 - 23 = 0, 3*k - 30 = 3*m. Calculate the highest common divisor of 180 and k.
15
Let z = 10 - 10. Let d(n) = -n + 10. Let p be d(z). What is the greatest common factor of p and 40?
10
Let c(n) = 2*n + 37. Let x be c(-17). Suppose 110 = x*a + w + 1, a = -3*w + 39. What is the greatest common factor of a and 48?
12
Suppose r = -5*q + 254, 5*r = 4*q - 0*q - 180. Suppose 4*i + 4*h - 88 = 0, -5*h - 2 = -6*h. What is the greatest common divisor of i and q?
10
Suppose 65*j = 60*j + 60. What is the greatest common divisor of j and 306?
6
Let f = -95 - -153. Let o = f - 44. Calculate the highest common divisor of o and 154.
14
Suppose -19*n - 25*n + 24288 = 0. Calculate the greatest common divisor of n and 23.
23
Suppose -2*t - 64 = -4*g, 19 = -2*t - 2*g - 3*g. Let b be (-252)/(-66) - 4/t. Let n be (-60 + b)/((-1)/4). What is the greatest common divisor of n and 28?
28
Suppose -u + 3*u - 146 = 0. Suppose u + 103 = 2*q. Let v be (8 - -1) + 0 + 2. What is the greatest common divisor of v and q?
11
Let m be (-180)/315 + 30528/14. Calculate the highest common divisor of 20 and m.
20
Let c(t) = t**3 + 5*t**2 + 5*t + 4. Let n be c(-3). What is the highest common divisor of 287 and n?
7
Suppose 5*m + 16 = c, 0*m = -2*m - 6. Let b be (c - 3) + (-16)/(-1). Let h be 1/(-4) - 2020/(-16). What is the greatest common divisor of h 